 (-13 - 0)
40
What is (13 - 34) + 68 - 6 - 15?
26
What is -1 + 7 + 5 + 28 + -36?
3
55 + -14 - (-11 - (13 + -23))
42
What is the value of (8 + -1 - (1 + 1 + -21 + 17)) + 19?
28
-14 + 22 - ((0 + -12 - -6) + 10 - -141)
-137
What is 107 + (-41 - (75 + -48))?
39
What is 6 - (-78 + 35 + 8)?
41
Calculate 20 + (-42 + -54 - -77) + -1 + 0.
0
What is -5 + -5 + 7 + (-14 - (-13 - -17))?
-21
What is the value of 4 - 47 - -46 - (-3 - -7 - (-62 + 1))?
-62
What is the value of (-997 - -1020) + -1 + -33 - 10?
-21
What is the value of -46 - (-23 + -58 - -8)?
27
What is the value of -31 + (25 - (-34 + 26)) + 10?
12
Evaluate 46 - 69 - (4 + -101 - 7).
81
What is -31 + 20 - (-7 - (29 - 6))?
19
What is -114 - 19 - (-46 + -5)?
-82
What is 3 - -33 - (2454 - 2353)?
-65
Evaluate (65 - (308 - 335)) + -1 + 7.
98
What is 7 + (35 - 26 - (-2 - -122)) + (25 - 14)?
-93
-48 - (47 + -77 + -15)
-3
-1 - -8 - (-307 - -234 - (-12 + 1))
69
Evaluate 4 + 12 + -29 - (3 + 3) - (9 + 0).
-28
Evaluate -110 + -94 + (14 - -156).
-34
Evaluate (-12 - (-26 - -14)) + 5 - -49.
54
What is (349 - 335) + (-3 - 41 - -3) + 13?
-14
Evaluate (-3 - (-15 - -97)) + -3 + 31.
-57
What is the value of (2 - -1) + -61 - (10 - (1 + 10 + -8))?
-65
(-8 - (7 - 12)) + 16 + (18 - 17)
14
What is (2 - (3 - 9)) + (-31 - 26) + -12?
-61
What is 247 + -266 - (2 - -21)?
-42
What is (11 + 34 - -13) + -27?
31
Evaluate -9 - ((1 + 26 - (-48 - (56 + -120))) + 20).
-40
Calculate (44 + -13 - 11) + -3 + -45 + 4.
-24
Evaluate (-13 + -12 - 0) + -28.
-53
Calculate (3 + -7 - -28) + (220 - 221).
23
Evaluate -6 - -27 - (51 - (-43 + 125)).
52
-42 - (-6 - ((19 - 17) + -10 + -2))
-46
What is -9 + 28 - (61 + 21)?
-63
Calculate -28 + (-32 - -79 - 12).
7
What is the value of 1733 + -1748 + (-2 - (-1 + -2) - -4)?
-10
What is the value of 26 + -1 + (1 - -2) + 2 + -2 + 8?
36
Calculate 7 - (11 + -14 + -12 + -13 + 72).
-37
What is (13 - (11 - -28)) + 1 + (5 - 6 - -1)?
-25
Evaluate (21 + -13 - -17) + -14 - 49.
-38
Evaluate -102 + -52 + 78 + -21.
-97
Evaluate 22 + (-201 - -175 - (42 - -2)).
-48
What is the value of -103 - -1 - (8 + -108 + 129)?
-131
What is 1 + (10 - (-19 - -11)) + 1 + -1 + 0?
19
What is 13 - (26 + (5 - (19 + -12)))?
-11
What is the value of -2 + (-2 - -17) + -29 - (-3 - -13)?
-26
What is the value of (-42 - (-10 + -38)) + (-8 - -6 - 1)?
3
What is the value of (-127 - -177) + (0 - 35) - (-1 + 0)?
16
Evaluate 20 - (1 + -4 + 71 + -76) - (3 + -1).
26
-18 + (-38 - -38) + 34 + -2
14
Calculate -85 + 139 - (8 + 13).
33
What is (161 - 109) + (10 - 64)?
-2
Evaluate 7 + -38 + 77 + -35.
11
What is the value of 9 - -1 - (1 - 9 - (4 + (-64 - 3)))?
-45
Calculate 47 + -23 + -9 - -34 - 0.
49
Calculate (12 - (28 + (-4 - 33))) + (21 - 4).
38
What is the value of -42 - (34 - 18) - ((-1 - -3) + -1)?
-59
-15 + 3 + 2 - (-13 - (0 + 12)) - -76
91
What is the value of (-38 + 58 + 16 - 40) + (1 - -44)?
41
-6 + 3 - (306 + -281) - -91
63
What is -1 + 5 + -4 + (24 - -17 - 29)?
12
Evaluate -186 + (-139 - -360) - (7 - (-1 + 0 + -1)).
26
What is -39 - (-6 - 81) - (-4 - (11 + -4 + 0))?
59
What is the value of 23 + 8 + -4 - (4 - (-7 - (18 + -30)))?
28
Calculate 5 + (-3 - 2) + 1 + 8.
9
What is -91 + 106 + (33 + -6 - -5 - 6)?
41
11 + -110 - -71 - (0 - -23)
-51
Calculate -59 + -8 + -7 + 84.
10
Evaluate ((2 - (-6 + 11)) + -2 - 56) + 15.
-46
What is the value of -174 - -61 - -84 - (-91 - -1)?
61
What is 37 + -13 - ((12 - 16) + 4 + -3)?
27
Calculate (-964 - -961) + (10 - (0 - -1)) + 0.
6
Evaluate -54 + -7 + 136 + -130.
-55
Calculate -23 + -18 + 23 + 58 - -6.
46
What is the value of (-13 - 0) + (-8 - (3 + -8 + 17))?
-33
Evaluate -21 - (-133 - (22 + 9 + -43)) - -16.
116
Calculate 8 + 3 + -6 - (-3 - (40 + -57)).
-9
Calculate 86 + 2 - (-9 - -92 - 51).
56
-79 - (-70 + 4) - (2 - 31)
16
What is the value of (2 - 7) + 14 + (-7 - 11) - 18?
-27
61 + -12 - (-28 + 52)
25
What is the value of 8 - ((-18 - (-30 - (-35 - -16))) + (2 - -60))?
-47
What is 56 + (-41 - -5) - 28?
-8
What is the value of 6 - -6 - (438 - 446)?
20
What is the value of -49 + (174 - 51) + -19?
55
Calculate -1 + 7 + 6 + -1 + -2 + 38 + 9.
56
Calculate -1 + (3 - 2) - (-754 - -758) - (-130 - -1).
125
What is 7 - 1 - (-38 + 0 - (-22 - (-2 + -11)))?
35
Calculate 23 + -11 + (-245 - -212).
-21
43 + (12 - 29) - (13 - 16)
29
What is 204 - 177 - (-12 - 18)?
57
-7 - -18 - (-53 - (-37 - -18))
45
(-11 + -11 - -53) + (-1 - 13 - -5) + -8
14
Evaluate 3 - -82 - (-224 - -365).
-56
What is (-37 - -45) + 1 + -19 + 0 - (128 + -13)?
-125
Evaluate 5 - (-27 + (6 - (-29 - -21))).
18
What is -497 + 463 - (4 + 1 - 82)?
43
What is 0 + 3 + (-16 - 7) + -49 + -11 + 4?
-76
Calculate (-6 - (9 - 28)) + -46.
-33
Evaluate 1 - 14 - ((15 - (-18 + 32)) + -19).
5
Evaluate -1 - -13 - (-27 - (-3 + -14)).
22
What is the value of 20 - (-5 + 157 + 0) - -37?
-95
Evaluate (-42 - 8 - -1) + 114.
65
Calculate -5 + (-2 - -3 - 8 - -3 - -17) + -62.
-54
Evaluate (-2 - 8) + (-5745 - -5710).
-45
Evaluate -259 + -31 - -97 - -101.
-92
What is 10 + (-73 - (0 - 1) - (-3405 - -3396))?
-53
Calculate 10 + -3 + (323 - 203 - (-2 + 11 + 3)).
115
What is the value of -72 + 60 + (-11 - ((-4 - 1) + 0))?
-18
Calculate -34 - -2 - (-29 - (-144 - -123)).
-24
(31 - 33) + -3 + 12 - (0 + -10)
17
What is the value of (-4 - 4) + 23 - 2 - 53?
-40
What is -16 + -3 - -35 - (53 + 7)?
-44
Evaluate 2 - (-3 + 11 + 4 + (34 - 33)).
-11
What is the value of 9 + -71 + 41 - -18?
-3
What is 87 + -72 - (5 - (18 - 12 - -6))?
22
What is (119 - 242) + 130 - (1 - -28) - -144?
122
Calculate -1780 + 1704 + (53 - 1).
-24
What is (4 - 4 - 28) + (2518 - 2426)?
64
What is -1254 + 1243 - ((5 - 5) + -138)?
127
What is the value of 28 + -32 + 12 + -50 + 21?
-21
Calculate -5 + 7 + (-12 + -10 + 13 - -11).
4
Evaluate (-11 - (0 - 19)) + -82.
-74
0 - -38 - ((3 + 2 - (1 + 24)) + 27)
31
Evaluate -1 + 18 - ((122 - 18) + -58).
-29
Evaluate 296 - 274 - (28 - 6).
0
Calculate -1 - (-1 - 28) - (43020 + -43052).
60
Evaluate -10 + (0 + 13 + -58 + 41 - -41).
27
What is (-1361 - -1313) + 119 + -10?
61
Evaluate -28 + -1 + (-113 - (-73 + -30)).
-39
5 + -1 + (-55 - -43) - (-30 + 25)
-3
Evaluate ((20 - 31) + 13 - 19) + 11.
-6
What is the value of 79 + (4 - (50 + -16 + -18 + -2))?
69
Calculate (-52 - (35 - 71)) + (-1 - -10) + 13.
6
(-30 - (-32 - -36) - -37) + -29
-26
37 + (-10 - 54) + (16 - 27)
-38
Evaluate 84 - ((49 - 90) + 79 + 5).
41
What is the value of -101 - (16 + -51 + 37) - -11?
-92
What is the value of 6 - (-26 + 42 - 31 - (-4 - 38))?
-21
Evaluate 0 + 18 - (-55 + (90 - 79)).
62
Calculate 0 + -33 + -69 - -61.
-41
Evaluate 254 - 113 - (7 + (-2 - -2)).
134
Evaluate 71 - (1 + -2) - (1901 + -1935).
106
(5 + 2 + -12 + 8 - (-27 + 22)) + -59
-51
What is the value of 12 - ((2 - 15) + (5 - -3)) - 30?
-13
What is the value of (1 - 3 - 5) + (6 - 4) - (-1295 - -1307)?
-17
What is the value of 6 - (34 + (10 - (-8 - -17)))?
-29
What is the value of (93 + -11 - 101) + -1 + -29?
-49
What is the value of (19 - -14) + -57 - -60?
36
Calculate -138 + 110 - (4 + -86).
54
What is -38 + 80 + -47 + 31 + -1 - 14 - -1?
12
What is the value of (16 + 50 + 2 + 5 + -13 - 3) + -14?
43
Evaluate (-399 - -223) + (12 - (-2 + -19)).
-143
Evaluate (-18 - -2) + -11 + (-22 - (-23 + -24)).
-2
Evaluate 0 - ((52 - 59) + -13).
20
Evaluate -384 - -349 - (-3 - -35).
-67
Evaluate 59 - ((-51 + 16 - -24) + 32).
38
Calculate -180 + -94 + 189 + 44.
-41
What is the value of (-8 - (20 - (-100 - 31))) + 8 + (-3 - 1)?
-155
What is 108 + (-93 - -33) - 91?
-43
Evaluate (-30 + 121 + -22 - -7) + 0.
76
What is the value of 4 + 0 + 17 + 17 + -30 + 6?
14
What is the value of 36 - (342 + -355 + -2 + 1)?
50
(-32 - -7) + 12 + -15 - -31
3
Evaluate 58 + -77 + -9 + 3 + 43 + -2 + -11.
5
What is the value of (15 + (-4 - -5 - 10) - 16) + -5 - -115?
100
What is the value of -15 + -1 - (-267 - (-163 - -12))?
100
-26 + ((-25 - 6) + 18 - -55)
16
(46 + -99 - 63) + 185
69
(-48 - -64) + (-6 - -1) + 59
70
Calculate -86 + 26 + 59 - (2 - -28).
-31
What is -13 + -31 + (12 + 0 - (-3 + 26))?
-55
(13 - 1) + (135 - (-21 + 117))
51
What is the value of -102 + (7 - 0) + 24 + (14 - -2) + -38?
-93
Calculate -52 + 21 + -44 + 24.
-51
(-24 - 1) + (-25 - 57 - -79)
-28
Evaluate (-17 - (-18 - (-20 + 0))) + -1.
-20
What is 0 + -17 + (-72 + 53 - -42)?
6
6 + -5 - (-25 + 5 + 16 - (1 - 55))
-49
Calculate -102 + 108 - (-14 - 1) 